3 - 0) + (5 - (5 - 0)).
-3
What is the value of -6 + -4 + 5 + 2 + 6?
3
What is the value of -11 + 9 + 3 + -8?
-7
11 + -9 + (9 - 14)
-3
-9 - (4 - 3 - 5)
-5
Evaluate 3 - -3 - (4 - (-4 + 0)).
-2
What is the value of 8 - (-7 - -14) - -2?
3
What is 20 - (18 + 4) - (6 + 1)?
-9
What is the value of (-4 - 1) + 8 + -7?
-4
What is the value of 3 + 0 + 1 + 1?
5
What is 2 + -2 + 3 + -1?
2
What is 0 + (1 - (-5 - -3) - 1)?
2
What is 1 + (3 - (1 + 8) - -2)?
-3
What is the value of 1 - 9 - (1 - (-8 - -9))?
-8
What is -2 + 3 + -7 + 7?
1
4 - (-4 - (-3 + -2))
3
What is the value of (1 - -2) + 0 + 3 + -4?
2
(-3 - (-4 + -5)) + -10 + 6
2
What is the value of 8 + (-10 - 6) - -3?
-5
What is the value of (13 - 6) + (-5 - 1)?
1
What is the value of 4 + -10 + -5 + 6?
-5
What is -1 - -3 - (-31 + 40)?
-7
What is (3 - 0) + -14 + 7?
-4
6 - ((3 - 3) + 2 + 1)
3
What is 4 + (6 - 19) + 3?
-6
What is -3 - (-6 - -3 - (-1 + -2))?
-3
Calculate (-7 - (0 + -5 - -1)) + -4.
-7
What is the value of -4 + (5 - (0 - (-2 + 0)))?
-1
Evaluate -3 + 7 + -13 - -5.
-4
Calculate 12 - 11 - (0 - 0).
1
Evaluate (-23 - -19) + (0 - -2) + 6.
4
Calculate -2 + 15 - (-1 - -12).
2
-4 + (11 - 5) + (1 - -1)
4
What is the value of 1 - 2 - (28 - 24)?
-5
What is -5 - (5 + -9 + 2)?
-3
What is the value of 2 - (3 - 5) - 6?
-2
Calculate (2 - (1 + -3)) + -12 + 9.
1
-13 + (6 - (-6 - -5))
-6
What is the value of 8 + (-5 - -12 - 14)?
1
What is the value of 3 + -5 + 4 + 1 + -3?
0
What is the value of 4 + (1 + -2 - 1) + 0?
2
What is -4 + 2 - (19 - 10) - -4?
-7
Evaluate -5 - -3 - (-18 + 11).
5
Evaluate 1 - -2 - (26 + -19).
-4
Evaluate 4 + (-16 - (-7 - -4)).
-9
Calculate 1 + -4 + 4 + -4.
-3
What is 5 + (-5 - (3 - 9 - -1))?
5
What is the value of 1 - ((-9 + 7 - -3) + 1)?
-1
Calculate (-1 - 1) + (9 - 7).
0
What is -4 - (-2 - (-1 + 0))?
-3
What is the value of 9 - (12 + -4 + -5)?
6
Evaluate 18 - 5 - 7 - 5.
1
Calculate -1 - ((17 - 17) + (7 - 1)).
-7
What is -9 + 3 + 2 - -10?
6
(-47 - -55) + (-8 - 1)
-1
What is 3 - (-2 - (-3 + 0 - -3))?
5
-41 + 41 + (-5 - (1 + -1))
-5
Evaluate (-17 - -5 - -8) + -1.
-5
What is the value of -10 + (-6 - -5) - (5 + -10)?
-6
What is (-6 - (-6 - -5)) + (2 - -4)?
1
What is the value of (-10 - -11) + (1 - 1)?
1
Evaluate 3 - (8 - 2 - 5) - -2.
4
What is the value of -7 + 0 + 8 + -9?
-8
What is the value of 4 + 3 + -3 + (2 - -1)?
7
Evaluate 10 - (18 + -6 + -6).
4
1 - ((3 - (-6 + 10)) + 0)
2
Evaluate (-8 - -8) + (3 - 7) + 5.
1
Calculate 1 - (3 + 5 + -1).
-6
What is 5 - ((5 - 6) + 4)?
2
What is (-9 + -6 - -9) + 8?
2
1 + (4 - 3 - 7) + -5
-10
Calculate (3 - -1) + -6 + (3 - 0).
1
-2 - 3 - (-6 - -5) - 3
-7
Evaluate -2 - (0 - (-2 + 3)).
-1
What is -7 - ((-1 - 4) + 2)?
-4
173 + -163 - (6 + 1 + -1)
4
What is 2 - (5 + 0 + -4)?
1
Evaluate 1 + 3 - (-4 - -10) - -8.
6
Calculate -1 - (-5 - 0) - (-173 - -178).
-1
What is the value of (9 - 10) + 0 + 2?
1
Evaluate 23 + -9 + (-10 - -5).
9
Calculate -6 + 14 - (-6 + 19).
-5
1 + 0 - (3 - (-2 + -1))
-5
What is the value of (1 - (-11 - -17)) + -1?
-6
Evaluate -2 - 2 - ((6 - 12) + 6).
-4
Calculate -5 - (7 + (6 - 12)).
-6
Calculate (-6 + 0 - -2) + 4.
0
Calculate 0 + (2 - 1) - (-19 + 21).
-1
What is the value of -202 + 191 - (-5 + 0 - 1)?
-5
Evaluate -2 + (-2 - 0 - (29 + -37)).
4
Calculate (10 + -2 - 0) + -6.
2
Evaluate -2 + (4 + 0 - -2).
4
Evaluate 0 + 5 + (3 - (5 + -3)).
6
What is the value of 2 - (7 - (-2 + 4))?
-3
Evaluate 3 + (-1 - (3 + 4)).
-5
What is 14 + (7 - 1 - (40 - 28))?
8
What is the value of 4 - (2 - (3 - 0))?
5
What is the value of 5 + -5 + 7 + -7?
0
2 - (-1 - 1) - (-1 - -5)
0
What is 4 + (-6 + 2 - -4)?
4
Evaluate (0 - (-3 - -7)) + 8.
4
What is 3 + -6 + 4 + 4?
5
Calculate -2 + 4 + 0 + -2.
0
Calculate (-14 - (-6 + 1) - -7) + 1.
-1
14 - (-10 + 11 - -7)
6
Evaluate 0 - 3 - (3 - 5) - 3.
-4
Calculate -2 + 2 + 6 - (10 + 2).
-6
Calculate (0 - (-3 - -11)) + 5 + 3.
0
What is 4 - 2 - (2 - -9) - -3?
-6
What is the value of 6 + 9 + -21 + 14?
8
Evaluate -12 + (-12 - -10) + 9.
-5
Calculate 10 - (2 + (22 - 11)).
-3
Evaluate 3 - (-2 + (-1 - -6)).
0
(2 - 6) + -4 + (-1 - -8)
-1
What is -17 + -11 + 22 - -12?
6
-5 + 2 - (0 + 2)
-5
-5 - (2 - 0) - (-63 + 47)
9
What is the value of 5 - (2 + (-2 - 0))?
5
What is -3 - (8 - (2 - -3) - 7)?
1
14 - (4 + 3 + 3)
4
What is 4 + -4 + -3 + 1?
-2
What is -1 + -4 + 23 + -20?
-2
What is -1 - (1 + -3 - -3)?
-2
Calculate -1 - -4 - (3 + -7 - -3).
4
What is 0 + 0 + 5 + -4?
1
What is -2 + (5 - (1 - 2))?
4
What is (8 - 19) + (11 - 4)?
-4
5 + -10 - -8 - (-1 - -6)
-2
Evaluate (0 - 7) + -7 + 4 - -4.
-6
What is -5 + (4 - (8 + 0 + -2))?
-7
What is the value of -5 + 2 - (-2 + 0) - -5?
4
What is the value of 3 + -8 + 1 + 1 + 3?
0
Evaluate 4 - ((-8 - -5) + 4).
3
1 + -3 + -6 + (52 - 47)
-3
7 + 4 + -6 + -6
-1
2 - (2 - 0 - 8)
8
Calculate 6 + (-3 + 2 - 10).
-5
6 - 0 - (11 + -7)
2
What is (12 - (-5 + 8)) + -15?
-6
Calculate -8 + 2 - -4 - -7.
5
-3 + (0 - -2 - 1)
-2
Evaluate 2 + -4 + 0 + (1 - 3).
-4
What is -4 - ((4 - 3 - 8) + -2)?
5
-2 + -6 + 2 + 8
2
What is 3 - 3 - (-9 + 4 - -3)?
2
Evaluate -5 + 6 + 5 - (2 + -3).
7
Calculate -10 + 13 - (-2 - -8).
-3
Evaluate 0 + 1 - (6 + (-8 - -8)).
-5
Calculate (-2 - (1 - 2)) + (8 - 3).
4
What is 3 + (2 - 8) + -5?
-8
(5 - 0) + -5 - -5 - 3
2
Calculate 19 + -30 + 12 + -1.
0
Evaluate 36 - 33 - (-1 - 1 - 3).
8
-2 + -6 + 5 + -1 - -7
3
What is the value of -7 - ((-1 - 13 - -6) + 6)?
-5
What is 6 + -3 + -5 - (1 + -1)?
-2
(-5 - -2) + (-3 - (-3 - -1))
-4
What is 3 - -3 - (0 + 6)?
0
-15 - -6 - 2 - -6
-5
What is -20 - 0 - -9 - -4?
-7
What is 4 - (2 - (-2 - (2 - 2)))?
0
Evaluate (2 - 10) + 4 + 8 + -3.
1
What is (2 - 5) + 4 + -2?
-1
Calculate (4 - 6) + -1 + -2 - -2.
-3
0 + 0 - 4 - (-35 + 25)
6
Calculate -2 - ((-5 - 0 - -2) + 5).
-4
2 + -10 + 7 + 1 + -3
-3
Calculate (3 - 1) + -1 + -4 + 7.
4
What is 19 + -9 - ((4 - 7) + 3)?
10
Evaluate 6 + (-3 - 9 - -7).
1
What is the value of (-5 - -18) + -6 - (13 + 0)?
-6
Evaluate (2 - -1) + (-2 - (-5 - -6)).
0
Calculate 2 - (-4 + (1 - -1) + -1).
5
What is the value of -2 + 1 - (7 + -7) - -5?
4
What is -7 - (2 - (0 + 3 + 1))?
-5
Calculate 3 - (-18 + 16 - (3 - 3)).
5
Calculate -4 - (2 - 9 - -4) - -7.
6
What is -6 + (0 - (6 + -12)) - 5?
-5
What is 9 - (18 - 2 - 8)?
1
What is (-31 - -28 - (0 + 6)) + 4?
-5
7 + (7 - 2) + -10
2
2 + 0 - (2 + -3) - -1
4
Calculate (-8 - -18) + -7 + 2.
5
What is -2 - (1 + (2 - 3))?
-2
What is -2 + (7 - 13) + (1 - -11)?
4
What is -3 + -2 + 0 + 6 - -4?
5
-2 + 1 + (-1 - 2)
-4
-1 + (-2 - -2) + (-4 - -3)
-2
Calculate -6 - -5 - (7 - 2) - -4.
-2
Calculate -3 - ((4 + 0 - 1) + -8).
2
What is (1 - (-11 - -5 - 1)) + -2?
6
-7 + 1 - (-3 - -2)
-5
Evaluate 9 - 8 - 11 - -11.
1
Calculate 3 + (-3 - -3 - 3).
0
What is -6 - (-1 - 9) - (0 - 1)?
5
Evaluate -5 + -2 - -4 - 0.
-3
2 + -2 + (0 - 3)
-3
Calculate 0 + (-2 - (0 + 2 + -3)).
-1
(2 - 1) + -7 + 3 + 4
1
Evaluate -1 - 3 - 2 - -2.
-4
Evaluate 4 - (-4 - (0 - 5)) - 4.
-1
2 - (0 + 1 - 0)
1
8 + -5 + -2 + 4 - 4
1
-7 + 14 - 7 - 1
-1
Calculate (2 - 0) + -7 - (-1 - -1).
-5
What is (-4 - -3 - 2) + -1?
-4
What is the value of 3 + ((-3 - -7) + -4 - 4)?
-1
Calculate 8 + -8 + (10 - 3).
7
3 + (3 - 4) - (4 + -2)
0
Evaluate -3 + (2 - (-5 - -3 - 1)).
2
What is -2 + (2 - -1) - (0 - -1)?
0
What is 46 + -50 - (-1 - 5) - -2?
4
Evaluate 16 + -13 - (4 - 0).
-1
-1 + 6 + 1 - (10 - -1)
-5
Calculate -1 + -6 - (-80 - -79).
-6
What is the value of 1 + (-1 - 4) + 6?
2
Calculate -5 - -8 - -2 - 2.
3
What is the value of 4 - (4 - -1 - 2)?
1
Calculate -8 - ((1 - 19) + 1).
9
What is the value of -5 - (-2 + 0 + 0)?
-3
What is 0 - -3 - (2 + -3 - 1)?
5
What is 4 + 0 - (-5 + -14 - -27)?
-4
1 + 2 + (51 - 54)
0
Calculate -2 + 7 + (-3 - -2) + -7.
-3
What is the value of -9 + (5 - -4) + (7 - 2)?
5
Evaluate (8 + 0 - -1) + 4 + -9.
4
Calculate (-1 - -5) + (-3 - -5) + -3.
3
3 - 5 - (-6 + 2)
2
What is 3 - (-20 - (-9 + -4))?
10
Evaluate 7 - -3 - 3 - 4.
3
(-2 - (0 - 0)) + 3
1
What is 1 - -10 - (24 - 12)?
-1
What is the value of 2 + (-4 - (3 + -5))?
0
Evaluate 2 + -2 + (1 - -4).
5
What is the value of (11 - 4) + -11 - (1 + -1)?
-4
(-20 - -18) + 0 + 0 + 2
0
1 + -1 + 2 - (0 + 1)
1
What is -9 - (0 + -16 + 9)?
-2
Calculate (-12 - -9) + 20 + -11.
6
Evaluate -5 + (4 + -7 - -3 - -1).
-4
What is the value of (-4 + 4 - -2) + -6?
-4
Evaluate 3 - (-8 - -7 - -4).
0
-1 - (11 - 15 - (2 + -8))
-3
9 + (1 - 4) - 6
0
What is -5 